{"id":220,"date":"2026-01-12T21:21:22","date_gmt":"2026-01-12T21:21:22","guid":{"rendered":"http:\/\/archives-des-escotais.fr\/?page_id=220"},"modified":"2026-01-12T21:21:22","modified_gmt":"2026-01-12T21:21:22","slug":"succession-du-titre-de-comte-des-escotais","status":"publish","type":"page","link":"https:\/\/archives-des-escotais.fr\/index.php\/succession-du-titre-de-comte-des-escotais\/","title":{"rendered":"Succession du titre de comte des Escotais"},"content":{"rendered":"\n<h2 class=\"wp-block-heading\">Cr\u00e9ation du comt\u00e9 des Escotais<\/h2>\n\n\n\n<p>Le titre de comte des Escotais a \u00e9t\u00e9 institu\u00e9 par lettres patentes de janvier 1755, enregistr\u00e9es au Parlement de Paris le 13 ao\u00fbt de la m\u00eame ann\u00e9e, lesquelles en pr\u00e9cisent les modalit\u00e9s de transmission par primog\u00e9niture masculine, modalit\u00e9s dont l\u2019application se poursuit.<br><a href=\"https:\/\/archives-des-escotais.fr\/index.php\/1755\/08\/13\/lettres-patentes-derection-du-comte-des-escotais\/\" data-type=\"post\" data-id=\"36\"><em>Lire ici les lettres patentes.<\/em><\/a><\/p>\n\n\n\n<h2 class=\"wp-block-heading\">Liste des comtes des Escotais<\/h2>\n\n\n\n<p>Par souci de la vie priv\u00e9e de la famille, seuls les premiers comtes sont mentionn\u00e9s ici avec les preuves de d\u00e9volution du titre. La liste des comtes est donn\u00e9e avec les preuves utiles pour d\u00e9montrer la succession selon les r\u00e8gles de primog\u00e9niture masculines.<\/p>\n\n\n\n<details class=\"wp-block-details is-layout-flow wp-block-details-is-layout-flow\"><summary><strong>1er comte :<\/strong> Michel Roland<\/summary>\n<p>Les lettres patentes d&#8217;\u00e9rection du comt\u00e9 \u00e9tablissent le titre de Michel Roland.<\/p>\n<\/details>\n\n\n\n<details class=\"wp-block-details is-layout-flow wp-block-details-is-layout-flow\"><summary><strong>2e comte :<\/strong> Louis Joseph <\/summary>\n<p>La primog\u00e9niture masculine est \u00e9tablie pour Louis Joseph par son contrat de mariage o\u00f9 il est mentionn\u00e9 comme &#8220;principal h\u00e9ritier&#8221; et h\u00e9ritier du comt\u00e9 des Escotais. Il est aussi mentionn\u00e9 comme principal h\u00e9ritier dans la succession de sa m\u00e8re.<\/p>\n\n\n\n<div class=\"wp-block-group alignfull has-global-padding is-layout-constrained wp-container-core-group-is-layout-669513ed wp-block-group-is-layout-constrained\" style=\"margin-top:0;margin-bottom:0;padding-top:var(--wp--preset--spacing--50);padding-right:var(--wp--preset--spacing--50);padding-bottom:var(--wp--preset--spacing--50);padding-left:var(--wp--preset--spacing--50)\">\n<div class=\"wp-block-columns alignwide is-layout-flex wp-container-core-columns-is-layout-4935966c wp-block-columns-is-layout-flex\" style=\"padding-right:0;padding-left:0\">\n<div class=\"wp-block-column is-layout-flow wp-block-column-is-layout-flow\">\n\n\n<div class=\"wp-block-group is-vertical is-content-justification-center is-nowrap is-layout-flex wp-container-core-group-is-layout-21d4e958 wp-block-group-is-layout-flex\">\n<p class=\"has-text-align-center has-small-font-size\"><strong>Contrat de mariage<\/strong><\/p>\n<\/div>\n<\/div>\n\n\n\n<div class=\"wp-block-column is-layout-flow wp-block-column-is-layout-flow\">\n\n\n<div class=\"wp-block-group is-vertical is-content-justification-center is-nowrap is-layout-flex wp-container-core-group-is-layout-63bfd6c1 wp-block-group-is-layout-flex\">\n<p class=\"has-text-align-center has-small-font-size\"><strong>Succession de sa m\u00e8re<\/strong><\/p>\n<\/div>\n<\/div>\n<\/div>\n<\/div>\n\n\n\n<p><\/p>\n<\/details>\n\n\n\n<details class=\"wp-block-details is-layout-flow wp-block-details-is-layout-flow\"><summary><strong>3e comte :<\/strong> Charles Anne Louis Roland<\/summary>\n<p>La primog\u00e9niture masculine est \u00e9tablie par le fait qu&#8217;il est le seul h\u00e9ritier m\u00e2le lors du d\u00e9c\u00e8s de son fr\u00e8re et de sa soeur.<br><\/p>\n\n\n\n<div class=\"wp-block-group alignfull has-global-padding is-layout-constrained wp-container-core-group-is-layout-669513ed wp-block-group-is-layout-constrained\" style=\"margin-top:0;margin-bottom:0;padding-top:var(--wp--preset--spacing--50);padding-right:var(--wp--preset--spacing--50);padding-bottom:var(--wp--preset--spacing--50);padding-left:var(--wp--preset--spacing--50)\">\n<div class=\"wp-block-columns alignwide is-layout-flex wp-container-core-columns-is-layout-4935966c wp-block-columns-is-layout-flex\" style=\"padding-right:0;padding-left:0\">\n<div class=\"wp-block-column is-layout-flow wp-block-column-is-layout-flow\">\n\n\n<div class=\"wp-block-group is-vertical is-content-justification-center is-nowrap is-layout-flex wp-container-core-group-is-layout-21d4e958 wp-block-group-is-layout-flex\">\n<p class=\"has-text-align-center has-small-font-size\"><strong>Succession de son fr\u00e8re<\/strong><\/p>\n<\/div>\n<\/div>\n\n\n\n<div class=\"wp-block-column is-layout-flow wp-block-column-is-layout-flow\">\n\n\n<div class=\"wp-block-group is-vertical is-content-justification-center is-nowrap is-layout-flex wp-container-core-group-is-layout-63bfd6c1 wp-block-group-is-layout-flex\">\n<p class=\"has-text-align-center has-small-font-size\"><strong>Succession de sa soeur<\/strong><\/p>\n<\/div>\n<\/div>\n<\/div>\n<\/div>\n\n\n\n<details class=\"wp-block-details is-layout-flow wp-block-details-is-layout-flow\"><summary><strong>4e comte :<\/strong> Robert Roland<\/summary>\n<p>Seul h\u00e9ritier m\u00e2le de son p\u00e8re mentionn\u00e9 dans l&#8217;acte de succession de sa tante Blanche (la soeur de son p\u00e8re). Il est aussi le seul enfant m\u00e2le dans l&#8217;acte de reconnaissance \u00e9tabli par son p\u00e8re au retour d&#8217;Afrique du Sud<br><\/p>\n\n\n\n<div class=\"wp-block-group alignfull has-global-padding is-layout-constrained wp-container-core-group-is-layout-669513ed wp-block-group-is-layout-constrained\" style=\"margin-top:0;margin-bottom:0;padding-top:var(--wp--preset--spacing--50);padding-right:var(--wp--preset--spacing--50);padding-bottom:var(--wp--preset--spacing--50);padding-left:var(--wp--preset--spacing--50)\">\n<div class=\"wp-block-columns alignwide is-layout-flex wp-container-core-columns-is-layout-4935966c wp-block-columns-is-layout-flex\" style=\"padding-right:0;padding-left:0\">\n<div class=\"wp-block-column is-layout-flow wp-block-column-is-layout-flow\">\n\n\n<div class=\"wp-block-group is-vertical is-content-justification-center is-nowrap is-layout-flex wp-container-core-group-is-layout-21d4e958 wp-block-group-is-layout-flex\">\n<p class=\"has-text-align-center has-small-font-size\"><strong>Succession tante<\/strong><\/p>\n<\/div>\n<\/div>\n\n\n\n<div class=\"wp-block-column is-layout-flow wp-block-column-is-layout-flow\">\n\n\n<div class=\"wp-block-group is-vertical is-content-justification-center is-nowrap is-layout-flex wp-container-core-group-is-layout-63bfd6c1 wp-block-group-is-layout-flex\">\n<p class=\"has-text-align-center has-small-font-size\"><strong>Acte de notori\u00e9t\u00e9<\/strong><\/p>\n<\/div>\n<\/div>\n<\/div>\n<\/div>\n\n\n\n<details class=\"wp-block-details is-layout-flow wp-block-details-is-layout-flow\"><summary><strong>5e comte :<\/strong> Charles Ren\u00e9<\/summary>\n<p>La primog\u00e9niture est prouv\u00e9e par l&#8217;acte de notori\u00e9t\u00e9 de sa grande tante Blanche.<\/p>\n<\/details>\n<\/details>\n<\/details>\n","protected":false},"excerpt":{"rendered":"<p>Cr\u00e9ation du comt\u00e9 des Escotais Le titre de comte des Escotais a \u00e9t\u00e9 institu\u00e9 par lettres patentes de janvier 1755, enregistr\u00e9es au Parlement de Paris le 13 ao\u00fbt de la m\u00eame ann\u00e9e, lesquelles en pr\u00e9cisent les modalit\u00e9s de transmission par primog\u00e9niture masculine, modalit\u00e9s dont l\u2019application se poursuit.Lire ici les lettres patentes. Liste des comtes des [&hellip;]<\/p>\n","protected":false},"author":1,"featured_media":0,"parent":0,"menu_order":0,"comment_status":"closed","ping_status":"closed","template":"","meta":{"footnotes":""},"class_list":["post-220","page","type-page","status-publish","hentry"],"_links":{"self":[{"href":"https:\/\/archives-des-escotais.fr\/index.php\/wp-json\/wp\/v2\/pages\/220","targetHints":{"allow":["GET"]}}],"collection":[{"href":"https:\/\/archives-des-escotais.fr\/index.php\/wp-json\/wp\/v2\/pages"}],"about":[{"href":"https:\/\/archives-des-escotais.fr\/index.php\/wp-json\/wp\/v2\/types\/page"}],"author":[{"embeddable":true,"href":"https:\/\/archives-des-escotais.fr\/index.php\/wp-json\/wp\/v2\/users\/1"}],"replies":[{"embeddable":true,"href":"https:\/\/archives-des-escotais.fr\/index.php\/wp-json\/wp\/v2\/comments?post=220"}],"version-history":[{"count":1,"href":"https:\/\/archives-des-escotais.fr\/index.php\/wp-json\/wp\/v2\/pages\/220\/revisions"}],"predecessor-version":[{"id":221,"href":"https:\/\/archives-des-escotais.fr\/index.php\/wp-json\/wp\/v2\/pages\/220\/revisions\/221"}],"wp:attachment":[{"href":"https:\/\/archives-des-escotais.fr\/index.php\/wp-json\/wp\/v2\/media?parent=220"}],"curies":[{"name":"wp","href":"https:\/\/api.w.org\/{rel}","templated":true}]}}