{"id":299,"date":"2026-01-13T09:33:12","date_gmt":"2026-01-13T09:33:12","guid":{"rendered":"https:\/\/archives-des-escotais.fr\/?page_id=299"},"modified":"2026-03-29T19:42:45","modified_gmt":"2026-03-29T19:42:45","slug":"bibliographie-et-sources-de-reference","status":"publish","type":"page","link":"https:\/\/archives-des-escotais.fr\/index.php\/bibliographie-et-sources-de-reference\/","title":{"rendered":"Bibliographie et sources de r\u00e9f\u00e9rence"},"content":{"rendered":"\n<p>Cette section recense les travaux historiques et les armoriaux de r\u00e9f\u00e9rence ayant document\u00e9 l&#8217;histoire de la famille des Escotais. Ces ouvrages sont class\u00e9s selon leur port\u00e9e documentaire, distinguant les monographies r\u00e9gionales des recueils de g\u00e9n\u00e9alogie g\u00e9n\u00e9rale.<\/p>\n\n\n\n<h2 class=\"wp-block-heading\">Ouvrages de r\u00e9f\u00e9rence<\/h2>\n\n\n\n<p>Ces publications constituent le socle de l&#8217;historiographie de la famille, s&#8217;appuyant sur l&#8217;analyse de fonds d&#8217;archives originaux.<\/p>\n\n\n\n<ul class=\"wp-block-list\">\n<li><strong>Dictionnaire historique, topographique et biographique de la Mayenne<\/strong>\n<ul class=\"wp-block-list\">\n<li><em>Auteur :<\/em> Abb\u00e9 Alphonse Angot (1900-1910).<\/li>\n\n\n\n<li><em>Notice :<\/em> Cet ouvrage de r\u00e9f\u00e9rence pour le Bas-Maine documente l&#8217;histoire de la famille des origines jusqu\u2019\u00e0 l\u2019extinction de la branche a\u00een\u00e9e. La famille y est mentionn\u00e9e dans plus de 150 articles, notamment aux entr\u00e9es \u00abEcottais\u00bb du tome II en tant de famille et seigneurie .<\/li>\n\n\n\n<li>Lien vers l&#8217;<a href=\"https:\/\/angot.lamayenne.fr\/notice\/T2C05_TOPO0376\">entr\u00e9e sur la famille<\/a> et lien vers l&#8217;<a href=\"https:\/\/angot.lamayenne.fr\/notice\/T2C05_TOPO0375\">entr\u00e9e sur la seigneurie<\/a>.<\/li>\n<\/ul>\n<\/li>\n\n\n\n<li><strong>Nobiliaire universel de France (Tome 4, pp. 140-146)<\/strong>\n<ul class=\"wp-block-list\">\n<li><em>Auteur :<\/em> Nicolas Viton de Saint-Allais (1815).<\/li>\n\n\n\n<li><em>Notice :<\/em> Recueil g\u00e9n\u00e9alogique retra\u00e7ant l\u2019origine des familles nobles au d\u00e9but du XIXe si\u00e8cle. Il couvre l\u2019\u00e9volution de la lign\u00e9e sur une p\u00e9riode d&#8217;environ cinq si\u00e8cles.<\/li>\n\n\n\n<li><a href=\"https:\/\/gallica.bnf.fr\/ark:\/12148\/bpt6k36865t\/f151\">Lien vers l&#8217;ouvrage consultable sur Gallica ici<\/a>.<\/li>\n<\/ul>\n<\/li>\n\n\n\n<li><strong>Revue historique et arch\u00e9ologique du Maine<\/strong>\n<ul class=\"wp-block-list\">\n<li><em>Publication :<\/em> Soci\u00e9t\u00e9 historique et arch\u00e9ologique du Maine (1876-1944).<\/li>\n\n\n\n<li><em>Notice :<\/em> Cette collection de 97 revues renferme de nombreuses r\u00e9f\u00e9rences sur l&#8217;implantation m\u00e9di\u00e9vale de la famille et sur l\u2019histoire de la seigneurie de Jublains. Le tome 54 est particuli\u00e8rement document\u00e9 sur ces sujets.<\/li>\n<\/ul>\n<\/li>\n<\/ul>\n","protected":false},"excerpt":{"rendered":"<p>Cette section recense les travaux historiques et les armoriaux de r\u00e9f\u00e9rence ayant document\u00e9 l&#8217;histoire de la famille des Escotais. Ces ouvrages sont class\u00e9s selon leur port\u00e9e documentaire, distinguant les monographies r\u00e9gionales des recueils de g\u00e9n\u00e9alogie g\u00e9n\u00e9rale. Ouvrages de r\u00e9f\u00e9rence Ces publications constituent le socle de l&#8217;historiographie de la famille, s&#8217;appuyant sur l&#8217;analyse de fonds d&#8217;archives [&hellip;]<\/p>\n","protected":false},"author":1,"featured_media":0,"parent":0,"menu_order":0,"comment_status":"closed","ping_status":"closed","template":"","meta":{"footnotes":""},"class_list":["post-299","page","type-page","status-publish","hentry"],"_links":{"self":[{"href":"https:\/\/archives-des-escotais.fr\/index.php\/wp-json\/wp\/v2\/pages\/299","targetHints":{"allow":["GET"]}}],"collection":[{"href":"https:\/\/archives-des-escotais.fr\/index.php\/wp-json\/wp\/v2\/pages"}],"about":[{"href":"https:\/\/archives-des-escotais.fr\/index.php\/wp-json\/wp\/v2\/types\/page"}],"author":[{"embeddable":true,"href":"https:\/\/archives-des-escotais.fr\/index.php\/wp-json\/wp\/v2\/users\/1"}],"replies":[{"embeddable":true,"href":"https:\/\/archives-des-escotais.fr\/index.php\/wp-json\/wp\/v2\/comments?post=299"}],"version-history":[{"count":4,"href":"https:\/\/archives-des-escotais.fr\/index.php\/wp-json\/wp\/v2\/pages\/299\/revisions"}],"predecessor-version":[{"id":510,"href":"https:\/\/archives-des-escotais.fr\/index.php\/wp-json\/wp\/v2\/pages\/299\/revisions\/510"}],"wp:attachment":[{"href":"https:\/\/archives-des-escotais.fr\/index.php\/wp-json\/wp\/v2\/media?parent=299"}],"curies":[{"name":"wp","href":"https:\/\/api.w.org\/{rel}","templated":true}]}}